at is the units digit of w?
2
Let u(h) = 3*h**3 + 11 - 4*h**3 + 2*h**3 + 10*h**2 + 2*h**2. What is the units digit of u(-12)?
1
Let f(y) be the first derivative of 2 + 7*y - 1/2*y**2. What is the units digit of f(0)?
7
Let l = 1 - -1. Let t be (15/(-6))/((-1)/l). Let q(i) = -i + 12. What is the units digit of q(t)?
7
Let c be 1/1 + (-12)/(-3). Let n(w) = c*w**2 + 0 + w**3 + w**2 - 5 - 8*w. What is the units digit of n(-7)?
2
What is the units digit of 55 - 0/2 - (-2 - -5)?
2
Let d = 3 - 5. What is the units digit of d/5 - (-44)/10?
4
Let q = 10 + -8. Suppose q*s - 56 = 10. What is the tens digit of s?
3
Suppose -5*q + 5*r = 10, 4*r = -4*q - 0*r + 24. Let s be (-2 - 9*q)*-1. Suppose 0 = -5*h - s + 105. What is the tens digit of h?
1
Suppose 7*w - 30 = 4*w. What is the tens digit of w?
1
Let i = 5 + -3. Let u be (3/i)/(6/(-8)). What is the units digit of (2 - 3) + u + 11?
8
Suppose -5*b + 220 = -0*b. What is the tens digit of b?
4
What is the hundreds digit of 906/4*4/6?
1
Suppose 0 = -2*i - 4*a + 22, -18 = -4*i + 2*i - 3*a. Let z(l) be the second derivative of -l**4/12 + l**3/2 + l**2 + l. What is the units digit of z(i)?
2
Let n(c) = c**3 - c + 9. Let z be n(0). Let b = -6 + z. Suppose 2*f + 2*q + 0 = 18, b*f = q + 27. What is the units digit of f?
9
Let v(w) = -w**2 + 7*w + 11. Let h(o) = o**2 + o - 4. Let b be h(3). Let g be v(b). Suppose n - f = -g*f - 8, -5*n + 35 = -5*f. What is the units digit of n?
2
Suppose 6*k + 3*j - 24 = 4*k, -3*k - j = -29. Suppose -q + k = 3. What is the units digit of (-3)/9 - (-92)/q?
5
Suppose -2*m = -2*u + 3 + 21, 0 = 3*u + 3*m - 66. Suppose -3*z + u = -22. What is the tens digit of z?
1
Let b = -76 - -160. What is the units digit of b?
4
Suppose 0 = -r - 0*r - 12. Let s be (-1)/((15/r)/5). Suppose -3*a + 1 = -2*c + 2, 3*c = -s*a + 27. What is the units digit of a?
3
Let p(r) be the first derivative of -r**4/4 - 7*r**3/3 - r**2/2 - r - 2. What is the units digit of p(-7)?
6
Let q(d) = -2*d**2 + 4*d - 3. Let i be q(2). Let u(s) = -s**2 - 3*s + 3. What is the units digit of u(i)?
3
Let s(r) = r**2 - r - 1. Let z be s(-1). Let l = z - 0. Suppose -2*v + 3*v = l. What is the units digit of v?
1
Let f(m) = -m. Let u be f(1). Let y be u - -6 - (-1 + 3). Suppose -5*o + 2*a = -13, y = -5*a - 17. What is the units digit of o?
1
Suppose -5*t = -3*c - 34, -3*c = 5*t - 2*c - 42. Suppose -2*l - t*j + 3*j + 14 = 0, -4*l + 28 = -3*j. What is the units digit of l?
7
Let k(h) = -35*h. What is the tens digit of k(-1)?
3
Suppose -w + 72 - 32 = 0. What is the units digit of w?
0
Suppose 8*s = 11*s - 6. Suppose 3*j - 36 = -3*x, s*x + 52 = 7*x + 3*j. What is the units digit of x?
8
Suppose 2*n = -3*n + 40. Suppose -7*z = -3*z - n. What is the units digit of z?
2
Let n = -10 + 19. Let v = 17 - n. What is the units digit of v?
8
Suppose k = -4*k. Let z = 2 - k. Suppose -z*b + 19 - 7 = 0. What is the units digit of b?
6
Let i(n) be the second derivative of n**5/20 - 7*n**4/12 - n**3 - n**2 + n. What is the units digit of i(8)?
4
Suppose -x + 34 = 2. Suppose g + p - 34 = 4*p, 47 = 3*g + 2*p. Let b = x - g. What is the units digit of b?
3
Let t(s) = -s**2 + 8*s + 7 - 2*s + s. Let u be t(7). Suppose -3*j - u = -28. What is the units digit of j?
7
Let d(p) = 7*p - 4. What is the tens digit of d(3)?
1
Let a(r) = -3*r**3 - r**2 - 2*r - 1. What is the units digit of a(-1)?
3
Let a(k) = 21*k - 5. What is the units digit of a(2)?
7
Suppose -f - 2 = 2, f + 934 = 5*w. What is the hundreds digit of w?
1
Let z(c) = -c + 14 + c - c. What is the units digit of z(0)?
4
Let z(b) = -6*b + 4. Let x be z(-6). Suppose h = -3*h - x. What is the units digit of 102/10 + 2/h?
0
Let z(s) = 2*s**3 - 6*s**2 + 3*s + 1. What is the hundreds digit of z(5)?
1
Let q(y) = -y**3 - 11*y**2 - 2*y + 1. What is the tens digit of q(-11)?
2
Let p(w) be the third derivative of -1/3*w**4 + 4/3*w**3 + 0 - 2*w**2 + 1/60*w**5 + 0*w. What is the units digit of p(7)?
1
Suppose w = 1 + 1. Suppose 0 = 2*f + 2*b + 4, -8 = -3*f + w*b + 2*b. Suppose f = -3*s + 6 + 15. What is the units digit of s?
7
Let g(t) = t**3 + t**2 + t. Suppose 0 = -m - m. Let v be g(m). Suppose 4*j - 2*b - 7 = -3*b, 2*j + 4*b = v. What is the units digit of j?
2
Suppose 2*j + 6 = 58. Let z = j - 18. What is the units digit of z?
8
Let u = 1 + 3. Suppose u*k = 3*g + 10 - 42, 2*g + 2*k - 26 = 0. What is the tens digit of g?
1
Let m = 2 + 0. Suppose -1 = 2*k - b, m*k + b + 6 = 3*b. Suppose 7 = 5*r + k. What is the units digit of r?
1
Suppose -2*y = -0*y. Suppose -2*i + y*i = 0. Let d = 3 + i. What is the units digit of d?
3
Let v(i) be the second derivative of i**5/20 + 5*i**4/12 - i**3/6 - i. Let y = 1 + -6. What is the units digit of v(y)?
5
Let v(f) = f**3 - 4*f**2 - 7. What is the tens digit of v(5)?
1
What is the units digit of (-8)/2 - (15 - 37)?
8
Suppose 4*l - m - 19 = 0, -2 + 3 = 4*l + 5*m. Suppose 3*j - 31 = l*x, 2*j - 8*x = -3*x + 30. What is the units digit of j?
5
Suppose 2*t = -t - 2*l + 32, -4*t + 2*l + 66 = 0. What is the units digit of 310/t - (-4)/(-28)?
2
Let m be 43/4 - (-2)/8. Suppose -5*y + 34 = -46. Let z = y - m. What is the units digit of z?
5
Let z(v) = -5*v - 1. Suppose 5*w = 14 - 4. Let n be (w/(-4))/(3/18). What is the units digit of z(n)?
4
What is the tens digit of 4/(-6) + 833/21?
3
Suppose 3*d + 1 = 13. What is the tens digit of d/18 - 399/(-27)?
1
Let j(v) = v**2 - 5*v - 6. Let o be j(6). Let a(t) = t**2 - t + 2. Let m be a(o). Suppose -3*u + m = -31. What is the units digit of u?
1
Suppose -4*f + 8*f = -4. Let z be ((-2)/4)/(f/14). Suppose z = x + 2. What is the units digit of x?
5
Let u = 4 - 2. What is the units digit of (21/u)/((-1)/(-2))?
1
Suppose 0 = -5*k - w + 1793, -4*k + 1447 = 4*w + w. What is the units digit of k?
8
Suppose -9*y = 8*y - 6851. What is the units digit of y?
3
Let g = 42 + -17. Suppose -3*y = -0*y - 2*a - g, -4*y = -3*a - 33. What is the units digit of y?
9
Let o(j) = -2*j + 30. What is the tens digit of o(0)?
3
Suppose b - 4*h = 1, b = -5*h + 3 - 11. Let t = 1 - b. Suppose -t*g + 45 = -3. What is the units digit of g?
2
What is the hundreds digit of (-927)/(-6)*(-12)/(-18)?
1
Suppose 8 = 2*k + 4*h, -2*h - 5 = -3*k - h. Suppose 19 = k*f + 3. What is the units digit of f?
8
Let q = 7 + -4. Let p be (4 + -5)*(-4 + 2). Suppose -p*w = -k - 27 - 0, -k - 40 = -q*w. What is the tens digit of w?
1
Let b = -1 - -4. Suppose 5*i = b*i + 46. What is the units digit of i?
3
Let l = -669 + 1033. What is the hundreds digit of l?
3
Suppose -5*r + 332 = 2. Suppose 0 = 5*m + 4*y - 4 - r, 0 = -2*m - 5*y + 28. Let h = -7 + m. What is the units digit of h?
7
Let v(c) = -c**2 + 7*c - 1. What is the tens digit of v(3)?
1
Suppose 225 - 45 = 5*a. What is the units digit of a?
6
Let p(u) be the first derivative of u**4/4 - 7*u**3/3 + 3*u**2/2 - 5*u - 4. What is the units digit of p(7)?
6
Suppose -107 = -2*a - 1. What is the tens digit of a?
5
Let g = 19 + -44. Let d = 13 + g. What is the units digit of (-4)/(3/d*2)?
8
Let o = 66 + -3. What is the units digit of o?
3
Let x(j) = 21*j**2 - j - 4. What is the tens digit of x(2)?
7
Let z(u) = -u. Suppose 2*l = -0*l - 6. Let x be z(l). What is the units digit of (-7 - (-3)/x)*-1?
6
Let z(x) = 7*x**2 - 3*x + 7. Let b(w) = 15*w**2 - 7*w + 15. Let p(q) = -6*b(q) + 13*z(q). Let i be p(-4). Let o(y) = y - 3. What is the units digit of o(i)?
2
Let k(v) = -16*v - 28. What is the tens digit of k(-6)?
6
What is the units digit of ((-2)/(-6))/(3 - (-628)/(-210))?
5
Suppose 21 + 84 = 3*w. What is the tens digit of w?
3
Let o(w) = 2*w**2 - 5*w - 4. Let a be (-18)/63 - 37/(-7). What is the tens digit of o(a)?
2
Let m(u) = -u**2 - 2*u - 2. Let k be m(-2). Let d = k - -10. What is the units digit of d?
8
Suppose l + 2*k = 5*l - 12, -k + 6 = 4*l. Let u(y) = 13*y + 2. What is the units digit of u(l)?
8
Let r(g) = g - 6. What is the units digit of r(10)?
4
Let i(j) = -j**3 - 7*j**2 - 6*j. Let v be i(-6). Suppose 22 = m - v*m. Let a = m - 16. What is the units digit of a?
6
Let g be 4/(-8)*(-12)/1. Let p(s) = -g - s**3 - 2*s**3 + 9*s**2 - 10*s + 2*s**3 + 3*s. What is the units digit of p(8)?
2
Let k = -1 - 0. What is the tens digit of (-70)/(-4) - k/(-2)?
1
Let f be 4/(-20) + (-1)/(-5). Suppose 2*w - 5*p - 10 = -4*p, -4*w - p + 20 = f. Let l = w - 3. W